e?
False
Is 929 a prime number?
True
Is 77641 prime?
True
Is 2252867 prime?
True
Is 28553 composite?
True
Is 2479 a prime number?
False
Is 9239 a composite number?
False
Is 6731 a prime number?
False
Is 11047 prime?
True
Is 4673 a composite number?
False
Is 2005 a composite number?
True
Is 11579 a prime number?
True
Is 60097 composite?
True
Is 2281 composite?
False
Is 2127 a composite number?
True
Is 402637 prime?
False
Is 2312177 a prime number?
False
Is 4111 prime?
True
Is 84251 a prime number?
False
Is 117643 a composite number?
False
Is 20885 prime?
False
Is 34739 prime?
True
Is 390649 a composite number?
True
Is 10903 prime?
True
Is 391 composite?
True
Is 466321 prime?
True
Is 3998 prime?
False
Is 66793 prime?
False
Is 1555021 prime?
False
Is 112979 a composite number?
False
Is 2901 composite?
True
Is 4561 a composite number?
False
Is 383647 composite?
True
Is 14429 a prime number?
False
Is 30259 prime?
True
Is 230117 a composite number?
False
Is 190733 a composite number?
True
Is 2173 a composite number?
True
Is 433891 prime?
False
Is 5469 a prime number?
False
Is 3327 composite?
True
Is 133453 composite?
True
Is 30511 a composite number?
True
Is 4853 composite?
True
Is 25429 a composite number?
True
Is 142351 composite?
True
Is 435221 composite?
False
Is 1765 prime?
False
Is 90031 composite?
False
Is 6143 a composite number?
False
Is 50237 composite?
True
Is 13043 composite?
False
Is 191773 a composite number?
False
Is 6387 composite?
True
Is 4391 prime?
True
Is 207589 a composite number?
False
Is 1072219 a composite number?
False
Is 36361 a composite number?
True
Is 1982 prime?
False
Is 88197 composite?
True
Is 31741 prime?
True
Is 196961 prime?
True
Is 19226 a prime number?
False
Is 46049 a prime number?
True
Is 679403 composite?
False
Is 399783 composite?
True
Is 29747 a composite number?
True
Is 14107 a prime number?
True
Is 12197 composite?
False
Is 61001 a prime number?
True
Is 38899 a prime number?
False
Is 1917173 a composite number?
False
Is 17657 prime?
True
Is 76595 composite?
True
Is 4373 a prime number?
True
Is 455971 a prime number?
False
Is 21467 composite?
False
Is 337045 a prime number?
False
Is 496735 a composite number?
True
Is 57173 prime?
True
Is 29789 prime?
True
Is 119951 a composite number?
True
Is 32897 a composite number?
True
Is 89 composite?
False
Is 2029439 prime?
True
Is 262459 a prime number?
True
Is 86321 a composite number?
True
Is 35641 prime?
False
Is 955805 prime?
False
Is 327991 a prime number?
False
Is 10997 composite?
True
Is 1874 prime?
False
Is 3587 a composite number?
True
Is 798023 a prime number?
True
Is 2287 a composite number?
False
Is 235849 a prime number?
True
Is 4073 a composite number?
False
Is 3137 a prime number?
True
Is 101567 a prime number?
False
Is 21778 composite?
True
Is 6197 a prime number?
True
Is 5663 a composite number?
True
Is 6229 prime?
True
Is 4570367 a composite number?
False
Is 50969 composite?
False
Is 1418 a prime number?
False
Is 94889 a composite number?
False
Is 20143 prime?
True
Is 217231 prime?
False
Is 486203 prime?
True
Is 17837 a composite number?
False
Is 19535 composite?
True
Is 1035103 prime?
False
Is 90599 a composite number?
False
Is 235033 a prime number?
False
Is 17291 composite?
False
Is 36119 prime?
False
Is 164006 a prime number?
False
Is 131143 a prime number?
True
Is 820229 prime?
False
Is 383321 prime?
True
Is 12601 a composite number?
False
Is 3103 composite?
True
Is 273679 prime?
False
Is 5501 a composite number?
False
Is 254545 a prime number?
False
Is 4861 a composite number?
False
Is 11851 composite?
True
Is 7255 a composite number?
True
Is 14667 prime?
False
Is 12307 prime?
False
Is 742499 a prime number?
True
Is 60533 prime?
False
Is 29307 a composite number?
True
Is 1795237 composite?
True
Is 39467 a prime number?
False
Is 10313 composite?
False
Is 6261 a prime number?
False
Is 66509 a composite number?
False
Is 40101 composite?
True
Is 124213 composite?
False
Is 1591 prime?
False
Is 111 composite?
True
Is 2867 prime?
False
Is 34966 a composite number?
True
Is 381443 composite?
False
Is 21401 a composite number?
False
Is 107519 prime?
False
Is 29221 prime?
True
Is 22921 a composite number?
False
Is 1266643 a prime number?
False
Is 52859 composite?
False
Is 863 a composite number?
False
Is 96293 composite?
False
Is 40438 prime?
False
Is 77137 composite?
False
Is 83159 a prime number?
False
Is 5779 a composite number?
False
Is 1037 composite?
True
Is 101617 a composite number?
True
Is 77743 a composite number?
False
Is 40991 a prime number?
False
Is 303991 prime?
False
Is 21377 a prime number?
True
Is 6947 prime?
True
Is 3377 composite?
True
Is 23113 composite?
True
Is 39581 a composite number?
False
Is 9089 a composite number?
True
Is 153557 a composite number?
False
Is 11019 a prime number?
False
Is 14513 composite?
True
Is 75455 a prime number?
False
Is 62851 a composite number?
False
Is 2399057 a composite number?
True
Is 1119515 composite?
True
Is 587 prime?
True
Is 7789 a composite number?
False
Is 659 prime?
True
Is 88843 prime?
True
Is 2986267 a prime number?
False
Is 1108243 prime?
False
Is 69461 composite?
True
Is 175979 a composite number?
False
Is 24257 prime?
False
Is 8501 a composite number?
False
Is 18349 composite?
True
Is 705743 prime?
False
Is 2190197 a composite number?
True
Is 503786 prime?
False
Is 77839 a prime number?
True
Is 2814781 prime?
False
Is 114299 a composite number?
False
Is 175011 prime?
False
Is 5471 a prime number?
True
Is 8053 composite?
False
Is 69 composite?
True
Is 999247 composite?
True
Is 111511 prime?
False
Is 766159 composite?
True
Is 2149 a composite number?
True
Is 8438 a prime number?
False
Is 27589 a prime number?
False
Is 1119 composite?
True
Is 5779 a prime number?
True
Is 148711 a composite number?
False
Is 34787 a prime number?
False
Is 37733 prime?
False
Is 11801 a composite number?
False
Is 374467 a composite number?
True
Is 78877 a composite number?
False
Is 154177 prime?
False
Is 67207 composite?
True
Is 3782353 composite?
False
Is 3071093 composite?
False
Is 9193 a composite number?
True
Is 44617 prime?
True
Is 22915 composite?
True
Is 2453 composite?
True
Is 17953 a prime number?
False
Is 3898 composite?
True
Is 52163 prime?
True
Is 2780797 a composite number?
False
Is 140759 composite?
False
Is 2819 composite?
False
Is 65393 a composite number?
False
Is 769 a prime number?
True
Is 263639 a prime number?
False
Is 281641 composite?
False
Is 9089 prime?
False
Is 1111 prime?
False
Is 3384359 prime?
False
Is 21059 prime?
True
Is 43657 prime?
False
Is 19603 composite?
False
Is 23143 a prime number?
True
Is 85081 a composite number?
False
Is 2271143 composite?
True
Is 1775806 composite?
True
Is 413309 composite?
True
Is 60985 a prime number?
False
Is 472711 prime?
True
Is 15859 a composite number?
False
Is 227363 composite?
False
Is 1471 composite?
False
Is 58411 composite?
False
Is 341141 composite?
False
Is 106309 a composite number?
True
Is 14029 a composite number?
False
Is 481 prime?
False
Is 1893 prime?
False
Is 266587 a prime number?
True
Is 77137 prime?
True
Is 644947 prime?
False
Is 452869 composite?
False
Is 4391 composite?
False
Is 27533 a composite number?
True
Is 3389 a composite number?
False
Is 16222 prime?
False
Is 146191 a prime number?
True
Is 82129 prime?
True
Is 143329 prime?
True
Is 91691 prime?
True
Is 8452551 a prime number?
False
Is 2429 a composite number?
True
Is 596881 a prime number?
False
Is 7751 a prime number?
False
Is 78977 a prime number?
True
Is 1234583 composite?
True
Is 14071 a composite number?
False
Is 162269 composite?
False
Is 239327 prime?
False
Is 3802207 a prime number?
True
Is 237739 a prime number?
False
Is 12827 prime?
False
Is 2567365 prime?
False
Is 130001 a prime number?
False
Is 1847 a composite number?
False
Is 16291 prime?
False
Is 314485 prime?
False
Is 11981 composite?
False
Is 26591 prime?
True
Is 82541 a composite number?
True
Is 10969 a composite number?
True
Is 13739 prime?
False
Is 8581 prime?
True
Is 160933 prime?
True
Is 30641 a composite number?
True
Is 32491 composite?
False
Is 7319 composite?
True
Is 14941 a prime number?
False
Is 5383 a prime number?
False
Is 8603 a composite number?
True
Is 16823 prime?
True
Is 50906 pr